+ 9*p - 3. Calculate the remainder when 14 is divided by h(8).
4
Let l(u) = 9*u + 7. Suppose 19 = 4*g + v, -5*g + 3*v + 32 = 7*v. Calculate the remainder when l(g) is divided by 11.
10
Suppose -4*h + 24 = -h. Calculate the remainder when 46 is divided by h.
6
Let t(d) = -d + 1. Let j be t(-7). Let f(p) = -j*p**2 - 2 - 6*p - 2*p**3 + p**3 - 2*p. What is the remainder when 9 is divided by f(-7)?
4
Let y = 23 + -16. Suppose y*l - 155 = 2*l. Calculate the remainder when l is divided by 11 - 0/(2*-1).
9
Let b = 2 - -1. Let f = 14 - 5. Suppose f = 5*k - 5*u - 6, -u + 45 = 5*k. What is the remainder when k is divided by b?
2
Suppose 0 = -18*v + 13*v + 70. Calculate the remainder when 22 is divided by v.
8
Suppose r - 20 = 15. Calculate the remainder when r is divided by 12.
11
Suppose 5*s = -4*m + 115, 2*m + 19 = -2*s + 75. Let z = m - 8. Calculate the remainder when z is divided by 9.
8
Calculate the remainder when 68 is divided by (1 + (-20)/15)*-69.
22
Let w(u) be the first derivative of u**2/2 + 2*u - 3. What is the remainder when 15 is divided by w(4)?
3
Suppose -3*v = -2*v + 28. Let g = v + 49. Let z = 14 + 26. Calculate the remainder when z is divided by g.
19
Suppose f + 2*y - 8 = 0, -3*f + 4*y + 14 = -10. What is the remainder when 53 is divided by f?
5
Let r = 130 + -128. Let l = -4 + 9. Calculate the remainder when l is divided by r.
1
Let s = 11 - -2. Suppose -5*o + 166 = 4*z + 34, 4*o + 130 = 3*z. Calculate the remainder when z is divided by s.
12
Suppose 3*k + 2*s - 382 = 0, -301 = -5*k - 4*s + 333. What is the remainder when k is divided by 22?
20
Let v be (-96)/42 - (-2)/7. Let o be 1/v*(-5 - 1). Suppose 0 = 3*h - 4*d - 89, 3*d + 91 = o*h + d. Calculate the remainder when h is divided by 11.
9
Let u = 96 + -84. What is the remainder when 23 is divided by u?
11
Suppose 6*l = 98 + 256. Calculate the remainder when l is divided by 5.
4
Let i = 18 + -15. Calculate the remainder when 7 is divided by (-78)/(-18) + 2/i.
2
Suppose -4*t + 0*u = 4*u - 180, -4*t + 4*u = -180. Calculate the remainder when t is divided by 24.
21
Suppose 0 = -6*v + 8*v - 32. Calculate the remainder when 61 is divided by v.
13
Let t be (-13)/2*4 + 0. Let i = t + 39. Let z = 12 + -5. What is the remainder when i is divided by z?
6
What is the remainder when (-9)/(-15) + 244/10 is divided by 9?
7
Let a(r) = 4*r**2 - 2*r - 3. Let v = 0 - -2. Suppose v*n - 3 - 11 = 0. Calculate the remainder when a(3) is divided by n.
6
Calculate the remainder when ((-414)/(-4))/((-50)/8 + 7) is divided by 14.
12
Let g = -4 + 12. Let j = g + 20. Suppose b = -3*b + j. Calculate the remainder when 12 is divided by b.
5
Calculate the remainder when 0 + 15 + 2/6*0 is divided by 8.
7
Let p(i) = -25*i - 8*i**2 + 20*i + i**3 + 2*i**2. Suppose 46 = 4*r + 18. Calculate the remainder when p(r) is divided by 5.
4
Let g be (-2)/(-11) - (-124)/44. Suppose 0*y - g*o = 3*y + 18, 2*o = -y - 6. Let r = y - -9. Calculate the remainder when 11 is divided by r.
2
Suppose -a = b + 7, 3*a + 6 = -4*b - 17. Calculate the remainder when 31 is divided by b/3*(0 + -12).
7
Let x(v) = -9*v - 1. Let w be x(-1). Suppose -5*f - 96 = -w*f. Suppose -12 = -3*d, -5*d + 3 + 68 = 3*q. Calculate the remainder when f is divided by q.
15
Suppose 0 = -4*g - 5*d + 81, 3*d = 5*g - 3 - 126. Calculate the remainder when 68 is divided by g.
20
Let r = 27 - 10. Calculate the remainder when 65 is divided by r.
14
Let g(y) = 2*y**2 - 8*y - 2. Calculate the remainder when 195 is divided by g(6).
19
Let r(a) = -2*a - 12 - 9*a**2 - a**3 + a**3 - a**3. Let g(k) = k + 3. Calculate the remainder when g(7) is divided by r(-9).
4
Suppose -3*b + 4*b - 44 = 0. Suppose 3*q + q = b. Calculate the remainder when 30 is divided by q.
8
Let t(l) = 5*l**2 + 7*l + 10. Calculate the remainder when t(-4) is divided by 21.
20
Suppose 2*n + d = 41, 0*d + 28 = n - d. What is the remainder when 227 is divided by n?
20
Let j be (-1*4)/2 - 13. What is the remainder when 47 is divided by -20*(2 - (-48)/j)?
23
Let u = 27 + -10. What is the remainder when u is divided by 11?
6
Let v be ((-2)/(-3))/((-4)/6). Let y be -1 + 4 + (v - -1). Suppose 3*z - y - 33 = 0. Calculate the remainder when 34 is divided by z.
10
Suppose -2*n + 5*n = 4*l + 76, 0 = n - l - 27. What is the remainder when 127 is divided by n?
31
Let d(j) = j**3 - 4*j**2 + 2*j + 3. Let x be d(3). Suppose 0 = 3*g - 56 - 46. What is the remainder when g is divided by x - (-1)/(4/72)?
16
Let y(q) be the third derivative of 47*q**5/60 - q**4/24 + q**3/6 + q**2. What is the remainder when y(1) is divided by 12?
11
Let k = 63 + -25. Suppose n - 3*n = -2. What is the remainder when k is divided by 54/4 - n/2?
12
Suppose 2*j = -2*j + 6496. Suppose -x + 5*x - 1624 = 5*v, -4*v = -4*x + j. Calculate the remainder when (-2)/6 - x/(-21) is divided by 7.
5
Suppose -5*i + 27 = 2. Suppose -25 = -5*y - 3*h + 15, i*y = 5*h. Calculate the remainder when 8 is divided by y.
3
What is the remainder when 76 is divided by (-5)/3*(-22 + 10)?
16
Let g = 11 - 5. Let a be (-34)/(-6) - 4/g. Suppose a = 3*h - 13. Calculate the remainder when 16 is divided by h.
4
Let u(l) = 10*l - 1. Let v = 82 + -47. Calculate the remainder when v is divided by u(1).
8
Suppose 4*r + 6 = 14. Calculate the remainder when 2 is divided by r.
0
Let o(k) = -k**2 + 7*k - 1. Let f(j) = j**3 - 4*j**2 + j + 2. Let t be f(4). Calculate the remainder when o(t) is divided by 3.
2
Let w = -22 + 29. Calculate the remainder when w is divided by 2.
1
Suppose 5*i = -0*i. Suppose -2 = -m - i*m. Suppose -6*b + m*b = -s - 21, b - 4 = -s. What is the remainder when 17 is divided by b?
2
Let k = 30 + -16. What is the remainder when (1 - 1 - 1) + 42 is divided by k?
13
Let j = 16 + 5. Suppose -3*f + j = -2*f. Suppose -3*x + 22 = -x. What is the remainder when f is divided by x?
10
Suppose 2*f + f = 0. Suppose x + 2 = 0, f*y - 5*x + 124 = 2*y. What is the remainder when y is divided by 17?
16
Let n = -8 + 8. Suppose i + 4*f = 20, 3*i - 5*f - 43 = -n*f. Calculate the remainder when 61 is divided by i.
13
Suppose -285 = -3*j - 102. Suppose 3*c - 210 = -2*z - 31, -5*c = -2*z - 325. Suppose 0 = -5*k + 2*k + c. Calculate the remainder when j is divided by k.
19
Suppose -2*l + 7 + 3 = 0. Suppose -l*c - a + 4*a + 23 = 0, 18 = 2*c + a. Suppose 3*n = -n + 16. What is the remainder when c is divided by n?
3
Suppose c + 3*c - 2*f = 150, -4*c + 5*f + 165 = 0. Suppose t - 4 - 8 = 0. Calculate the remainder when c is divided by t.
11
Let p = 3 + 1. Suppose 0 = m + 2, -m - p + 0 = t. What is the remainder when (-1)/t - (-58)/4 is divided by 8?
7
Suppose -2*p - 3*p + 325 = 5*m, -4*p + m + 285 = 0. Calculate the remainder when p is divided by 36.
34
What is the remainder when (62 + -8)*(-1)/(-2) is divided by 16?
11
Suppose n - 27 = -3*v, n + 3*v - 31 = v. What is the remainder when 192 is divided by n?
36
Let d(v) = -v**3 - 11*v**2 + 20*v - 30. Calculate the remainder when d(-13) is divided by 18.
12
Suppose -a + 48 = 3*a + f, -20 = -5*f. Calculate the remainder when 38 is divided by a.
5
Suppose b - 77 = 5*a + 67, -2*b + 318 = 5*a. Calculate the remainder when b is divided by 13.
11
Let b(x) = -12*x - 3. What is the remainder when b(-2) is divided by 13?
8
Calculate the remainder when 243 is divided by ((-1586)/78)/((-2)/6).
60
Let x be 296/36 + (-4)/18. Suppose -2*d = -4*n + 42, 3*n - x*n = -d - 45. Suppose 0 = -5*s + 2 + n. Calculate the remainder when 5 is divided by s.
1
Let a(t) = -t**3 - 9*t**2 + 23*t + 23. Calculate the remainder when 93 is divided by a(-11).
9
Let s = 1 + 0. Suppose -s + 14 = x. Let q(p) = 25*p. Calculate the remainder when q(1) is divided by x.
12
Let k(r) = -r**3 + 5*r**2 + 6*r - 1. Let i be k(6). What is the remainder when 34 is divided by (i - (-3)/2)*24?
10
Let i be 2/6 + 86/3. Suppose p - 4*g = -7*g + i, -2*p + 33 = g. What is the remainder when 38 is divided by p?
10
Suppose 0 = -4*v + 60 - 4. What is the remainder when 160/(-2)*(-1)/2 is divided by v?
12
Let h be 34/4 - 33/22. Suppose -9 = -a - h. What is the remainder when 2 is divided by a?
0
Let i(v) = 3*v**2 + 4*v + 5. Let c = -3 - -10. Calculate the remainder when c is divided by i(-1).
3
Suppose 0 = 5*t + 23 + 52. What is the remainder when 25 is divided by t/2*(-12)/10?
7
Let d(i) = -i**3 + 3*